001222 (base 3) to base 5
4132400
What is -305a5 (base 14) in base 8?
-343225
55352022 (base 6) to base 3
10010111111112
-229444 (base 12) to base 16
-87934
Convert -1110000011010011101 (base 2) to base 6.
-13511405
-94a689 (base 13) to base 8
-15212702
What is 121221000020101 (base 3) in base 15?
bca41d
What is 117566 (base 8) in base 4?
21331312
1c418 (base 13) to base 2
1101100101000110
404100333 (base 5) to base 10
1628218
What is 3223535 (base 9) in base 7?
20455250
405404 (base 7) to base 13
25619
-2200002022100 (base 3) to base 12
-585123
What is 11111110011100100011 (base 2) in base 7?
11600342
20111002111112 (base 3) to base 15
481218
Convert -122155 (base 8) to base 12.
-20439
-242043143 (base 5) to base 9
-2108187
353042 (base 12) to base 6
30200122
-31210c (base 13) to base 11
-713851
3250377 (base 9) to base 7
20560015
Convert -122303342 (base 6) to base 8.
-10773256
Convert 1dd71 (base 14) to base 9.
126231
What is 1301400 (base 6) in base 11?
4893a
What is -102551 (base 7) in base 15?
-53ee
331213333 (base 4) to base 16
3d9ff
Convert -2a34616 (base 12) to base 2.
-100000100010100101110010
-cc1d7c (base 15) to base 14
-1412881
57440 (base 9) to base 11
2682a
5054104 (base 7) to base 6
20521311
Convert -41040 (base 16) to base 6.
-5412520
What is -1031122320 (base 4) in base 8?
-1153270
What is 2813151 (base 12) in base 11?
456707a
What is -65020a (base 14) in base 5?
-1333410201
Convert 8770a8 (base 12) to base 7.
24154325
4438a (base 16) to base 9
465272
What is -872632 (base 9) in base 16?
-7f064
-11000101100011110 (base 2) to base 15
-1ee85
What is 39cc (base 16) in base 6?
152300
What is 38501 (base 13) in base 15?
20ca5
-21302012 (base 4) to base 8
-116206
-730a019 (base 11) to base 16
-c4cc82
What is 1100000010 (base 2) in base 8?
1402
-337c65 (base 16) to base 4
-30313301211
What is -1f75b6 (base 16) in base 11?
-1189029
What is -20101021210 (base 3) in base 15?
-27333
Convert 1c763d (base 16) to base 9.
3452610
What is 74415 (base 11) in base 14?
2b687
Convert -580422 (base 11) to base 9.
-1655864
Convert -2211211211122 (base 3) to base 13.
-40c607
Convert 105085 (base 13) to base 3.
201102112111
Convert -4354303 (base 6) to base 12.
-a5993
-143361005 (base 7) to base 6
-535043235
What is -12830 (base 16) in base 10?
-75824
What is 487510 (base 10) in base 6?
14240554
What is -5035235 (base 6) in base 2?
-111010001100000111
Convert 11512052 (base 6) to base 14.
97b8c
Convert 540240 (base 6) to base 2.
1010110010000000
What is 960cd (base 15) in base 14?
c56cc
-11132344 (base 5) to base 2
-11000001100011011
11111110010111100010011 (base 2) to base 16
7f2f13
Convert -10150010 (base 6) to base 11.
-191043
4103600 (base 9) to base 4
20112003132
-9073c6 (base 15) to base 14
-ca7829
1032012 (base 6) to base 8
143450
Convert 210202131 (base 5) to base 7.
10234352
127722 (base 13) to base 10
445005
Convert 104314320 (base 5) to base 6.
13534450
Convert -13111310 (base 6) to base 16.
-68cfa
What is -1828 (base 12) in base 16?
-b60
Convert 332413 (base 7) to base 13.
20833
Convert -1504567 (base 10) to base 6.
-52125331
-303423150 (base 6) to base 3
-100210212012110
Convert 50a43 (base 13) to base 4.
203102212
Convert 4720340 (base 10) to base 14.
8ac352
What is -10100110110111100010000 (base 2) in base 15?
-7301d0
What is -3224615 (base 7) in base 6?
-12231345
What is 231033404 (base 5) in base 7?
11533265
What is 179489 (base 10) in base 5?
21220424
What is -2996872 (base 10) in base 14?
-580224
What is 9332013 (base 10) in base 12?
3160579
-794ee (base 16) to base 15
-9c353
Convert -210a6 (base 16) to base 2.
-100001000010100110
Convert 1046400 (base 8) to base 13.
9b3a3
Convert -1069c3 (base 16) to base 2.
-100000110100111000011
What is -358955 (base 14) in base 8?
-6764737
Convert 24646451 (base 7) to base 4.
20200202102
Convert ae65b (base 15) to base 14.
106344
What is 276264 (base 8) in base 12?
48498
Convert -2018522 (base 9) to base 8.
-4064764
What is 2707712 (base 8) in base 10?
757706
233331132 (base 4) to base 7
1445505
What is 156611 (base 8) in base 6?
1114321
Convert 543d6 (base 14) to base 3.
101100121100
Convert -142a0 (base 15) to base 16.
-fcd5
-392c5 (base 15) to base 16
-2ca65
Convert -21323031203 (base 4) to base 16.
-27b363
Convert -1e7759 (base 16) to base 10.
-1996633
1145331 (base 12) to base 5
1322424434
Convert -34572 (base 13) to base 8.
-272261
What is 5743836 (base 11) in base 9?
20815231
Convert 291531 (base 10) to base 4.
1013023023
211122012 (base 3) to base 4
10001312
Convert -4087c6 (base 13) to base 14.
-2b21d3
-10110020220 (base 3) to base 12
-33413
Convert -1135474 (base 8) to base 6.
-10351312
Convert -1279328 (base 11) to base 16.
-21b30a
What is 1011c9 (base 14) in base 5?
114302231
What is -525cd2 (base 14) in base 13?
-7654a0
What is 21653a (base 12) in base 10?
529534
-43244420 (base 6) to base 5
-312001333
Convert 21adc (base 14) to base 13.
2b27c
Convert 1046703 (base 8) to base 6.
10013443
127a14 (base 12) to base 15
60071
What is 1043332423 (base 5) in base 10?
2324113
Convert 22212211120221 (base 3) to base 8.
22004101
What is 34701 (base 14) in base 12?
61a11
What is -1332213024 (base 5) in base 3?
-20101122000202
-316733 (base 8) to base 2
-11001110111011011
What is 3495a (base 13) in base 4?
113131003
What is 2410616 (base 9) in base 3?
2110100200120
Convert 2071206 (base 8) to base 14.
105a74
Convert -2302102434 (base 5) to base 7.
-61313216
What is -21221221222 (base 3) in base 5?
-20003312
Convert -100618 (base 12) to base 5.
-30442331
92327 (base 11) to base 13
494a0
Convert 1001010111001100101 (base 2) to base 7.
2415300
Convert -110100011110111001000101 (base 2) to base 14.
-1b81bdb
What is 13001113 (base 6) in base 16?
66945
110138 (base 14) to base 2
10001100101111100110
5aa05 (base 13) to base 10
166470
Convert -1870188 (base 10) to base 13.
-506328
Convert -93b270 (base 12) to base 15.
-30cad6
Convert -1455442 (base 9) to base 11.
-4aa438
Convert 77017063 (base 8) to base 15.
16b59a3
Convert 110001210220122 (base 3) to base 14.
bcd11b
Convert -132443 (base 9) to base 4.
-103222221
-33232232110 (base 4) to base 15
-566bca
What is 68286 (base 12) in base 2?
100001110110000110
Convert -244c5 (base 15) to base 13.
-40955
-37bbab (base 14) to base 8
-7233773
-43533410 (base 8) to base 5
-4343243333
What is 63aa8 (base 16) in base 13?
113a76
What is -121004050 (base 6) in base 13?
-620ca0
What is 10342232 (base 5) in base 10?
90317
What is -11313 (base 5) in base 10?
-833
10101110010111011101 (base 2) to base 16
ae5dd
What is -d4d64a (base 14) in base 16?
-6d97d2
What is -253695 (base 12) in base 8?
-2242421
What is 6347028 (base 9) in base 10?
3397166
What is 245714 (base 11) in base 8?
1366127
Convert -5919090 (base 10) to base 16.
-5a5172
-13561036 (base 8) to base 15
-40a5b2
Convert -438923 (base 11) to base 9.
-1276054
Convert -5e1ab (base 15) to base 12.
-126075
423443004 (base 5) to base 15
252a89
-2453660 (base 7) to base 6
-10434252
Convert 2082332 (base 9) to base 15.
170ed5
What is 100101110100010 (base 2) in base 5?
1104422
What is 1111776 (base 8) in base 7?
2356503
-415250 (base 7) to base 10
-71477
6255645 (base 7) to base 10
753555
What is -68b43 (base 12) in base 3?
-21002212120
20101000210 (base 3) to base 5
13003114
What is 53c21 (base 13) in base 14?
3d29d
What is 615746 (base 13) in base 5?
1040043140
What is -13226044 (base 7) in base 4?
-10221013210
Convert 1170a86 (base 15) to base 12.
4231853
-bb8139 (base 12) to base 10
-2979261
34805 (base 12) to base 10
70277
Convert 86408 (base 10) to base 16.
15188
Convert -c49637 (base 13) to base 16.
-460c01
-a4897 (base 13) to base 15
-5c9ee
-140320503 (base 6) to base 11
-165a8a3
Convert 360b13 (base 12) to base 14.
189d83
Convert a17634 (base 12) to base 4.
21213233020
100243411 (base 5) to base 7
3253522
What is 2306286 (base 14) in base 10?
16689518
-370723 (base 8) to base 5
-13034233
What is 311030 (base 8) in base 7?
606051
-5217989 (base 11) to base 13
-1ba3a9b
What is 2425314 (base 6) in base 14?
34a18
319465a (base 11) to base 10
5613618
-27d86 (base 14) to base 4
-120012102
Convert a37361 (base 11) to base 14.
3146a0
4259a2 (base 11) to base 2
10100110010101111110
Convert -1203013231 (base 4)